posite?
False
Is 12414343971 composite?
True
Is 18651483941 prime?
True
Is 7417841267 prime?
False
Is 29070054521 prime?
True
Is 600030187 prime?
False
Is 27557171893 prime?
True
Is 485150903 prime?
False
Is 1408579577 composite?
True
Is 504006113 composite?
True
Is 722802947 composite?
True
Is 225329272349 prime?
False
Is 248821697 prime?
False
Is 212359507 prime?
False
Is 10866380267 prime?
True
Is 547831241 prime?
True
Is 1766603381 a composite number?
False
Is 82547051273 a composite number?
True
Is 466312961 a composite number?
True
Is 9419745487 prime?
True
Is 184687403 composite?
False
Is 32435058697 a prime number?
True
Is 79217668121 composite?
True
Is 767038039 a composite number?
True
Is 4613248961 prime?
False
Is 3258474061 a composite number?
True
Is 2450241251 prime?
False
Is 1661666007 composite?
True
Is 1040498191 composite?
False
Is 1583737567 prime?
False
Is 1382237007 composite?
True
Is 639741859 a composite number?
False
Is 2615506021 prime?
True
Is 37005189001 prime?
False
Is 99799743 prime?
False
Is 8588770985 prime?
False
Is 7681388501 a composite number?
False
Is 564163147 a prime number?
True
Is 4211149555 a prime number?
False
Is 129084797 a composite number?
False
Is 889462715 a prime number?
False
Is 483848843 a composite number?
False
Is 482054479 prime?
False
Is 45503726077 a prime number?
False
Is 1571363273 composite?
False
Is 1336933327 prime?
True
Is 37395574621 composite?
False
Is 23182698689 a prime number?
True
Is 14951837 a prime number?
False
Is 13053825257 a composite number?
True
Is 680145463 a prime number?
False
Is 78620491421 a composite number?
True
Is 377288039 composite?
False
Is 82936017721 composite?
False
Is 76624929635 a prime number?
False
Is 745757179 a prime number?
False
Is 12643354487 composite?
False
Is 971423389 composite?
False
Is 1803996121 a prime number?
False
Is 270312023 prime?
True
Is 4431055591 composite?
False
Is 7347130061 prime?
True
Is 9810419219 a prime number?
True
Is 79525468177 a composite number?
False
Is 7603259 a prime number?
True
Is 67586915954 a composite number?
True
Is 1571147629 prime?
True
Is 1407564523 a composite number?
False
Is 139350417989 composite?
False
Is 3157844519 a composite number?
False
Is 3494025391 a composite number?
True
Is 7003335601 prime?
True
Is 73621468457 composite?
False
Is 779370751 composite?
False
Is 9311251385 a prime number?
False
Is 126775565803 a prime number?
False
Is 1565554853 prime?
False
Is 25867651087 a prime number?
False
Is 5490959417 prime?
True
Is 41001572567 a prime number?
True
Is 1268114441 prime?
False
Is 9223631629 a composite number?
False
Is 2942547011 composite?
False
Is 9342390181 composite?
False
Is 10624846519 a prime number?
False
Is 937298839 composite?
True
Is 354503498 prime?
False
Is 1849604089 prime?
True
Is 3847594493 a composite number?
False
Is 27732921839 prime?
False
Is 9148187 a composite number?
True
Is 747208663 a prime number?
False
Is 51021379259 composite?
True
Is 4557760817 a composite number?
False
Is 22370531 a prime number?
True
Is 7086001015 prime?
False
Is 1940354459 prime?
False
Is 702364337 composite?
False
Is 3868604629 a composite number?
False
Is 385568899 a prime number?
False
Is 16504336127 a prime number?
True
Is 10302276013 composite?
True
Is 60534502277 composite?
False
Is 1666256771 prime?
False
Is 70339434133 composite?
False
Is 55956070267 prime?
True
Is 60493660813 a prime number?
True
Is 17979502699 a composite number?
False
Is 448475359 prime?
False
Is 238390567 prime?
True
Is 2293568177 prime?
True
Is 4519862759 composite?
True
Is 4426124135 a prime number?
False
Is 21777947057 a prime number?
True
Is 1391294933 composite?
True
Is 20579825067 prime?
False
Is 1782903877 a prime number?
True
Is 8266884541 composite?
False
Is 420485593 composite?
True
Is 4387764455 prime?
False
Is 4212311547 a prime number?
False
Is 11216595683 a prime number?
True
Is 8727747341 composite?
False
Is 51175646111 a composite number?
True
Is 12405997829 composite?
False
Is 11587032707 a prime number?
False
Is 1928946269 a composite number?
False
Is 147055213 composite?
True
Is 1204562287 a prime number?
True
Is 59784413749 a composite number?
True
Is 93337154303 a composite number?
True
Is 5539783147 a composite number?
False
Is 444153743 prime?
False
Is 731193343 a composite number?
True
Is 526237739 composite?
False
Is 205205207773 a composite number?
False
Is 25518495647 composite?
False
Is 3448508839 prime?
True
Is 2796559807 a composite number?
True
Is 64492929079 a composite number?
False
Is 4534032337 prime?
True
Is 12020740399 a prime number?
True
Is 18443471873 a composite number?
False
Is 48189292439 a composite number?
True
Is 1413979493 a prime number?
True
Is 2958090823 composite?
True
Is 2393775959 composite?
True
Is 486295092095 composite?
True
Is 6520520899 a composite number?
False
Is 59625473 a prime number?
True
Is 36635299 a composite number?
True
Is 16666665437 a prime number?
True
Is 2409039249 prime?
False
Is 149655563 a composite number?
False
Is 33126803 prime?
False
Is 90475813 prime?
False
Is 4127705171 composite?
False
Is 1126249849 a prime number?
True
Is 45312451729 composite?
True
Is 1741937471 a prime number?
True
Is 479985301 a prime number?
True
Is 194643393803 a composite number?
False
Is 8815922341 a composite number?
False
Is 3881722037 a prime number?
True
Is 9217625147 a prime number?
False
Is 2984242309 a composite number?
False
Is 40449588167 prime?
False
Is 7669572567 prime?
False
Is 164706107 a composite number?
False
Is 329885141 a composite number?
False
Is 217184578801 composite?
True
Is 49248762835 a prime number?
False
Is 3685427819 composite?
True
Is 857907433 a composite number?
True
Is 581335551295 composite?
True
Is 93610607 a composite number?
True
Is 57418240591 prime?
False
Is 2233252513 composite?
False
Is 445657405 prime?
False
Is 453932257 composite?
True
Is 152220911 a prime number?
True
Is 1891130383 a composite number?
True
Is 17609904538 a composite number?
True
Is 2987119913 a prime number?
False
Is 1389337109209 prime?
False
Is 2891844689 a composite number?
False
Is 149252625853 a composite number?
False
Is 1782101551 prime?
False
Is 140645938403 prime?
False
Is 38286073797 a prime number?
False
Is 14281963342 a composite number?
True
Is 43528002757 prime?
False
Is 2948671487 a prime number?
False
Is 6678823793 a prime number?
True
Is 284905483 composite?
True
Is 1764309707 a prime number?
True
Is 1415802139 prime?
False
Is 284672153 prime?
False
Is 7633812259 composite?
True
Is 59003291257 composite?
False
Is 3499550443 a prime number?
True
Is 6516922261 a prime number?
False
Is 73532214823 composite?
True
Is 30884007673 prime?
False
Is 1810330703 a prime number?
False
Is 1641223565 prime?
False
Is 8968756453 a composite number?
True
Is 18921594935 a prime number?
False
Is 12008505941 composite?
True
Is 8854383469 prime?
True
Is 662005237 prime?
True
Is 164260866749 prime?
False
Is 5196555127 a prime number?
False
Is 3697422815 composite?
True
Is 13589227217 a prime number?
True
Is 2391385489 a composite number?
True
Is 2874649439 a composite number?
False
Is 203031133 a prime number?
False
Is 54495150629 prime?
True
Is 9384814633 prime?
False
Is 91035027773 a prime number?
True
Is 10234284889 composite?
False
Is 59017323949 a composite number?
True
Is 67461263 composite?
True
Is 4797657049 prime?
True
Is 2062647542 composite?
True
Is 953580401 prime?
True
Is 39715430399 a prime number?
False
Is 16094790359 a prime number?
False
Is 141631627 prime?
True
Is 198612389 a composite number?
False
Is 546550387 a composite number?
True
Is 30006136549 prime?
False
Is 1506443761 composite?
False
Is 118111223803 a prime number?
False
Is 433226903 prime?
False
Is 35541349021 prime?
True
Is 4291074673 prime?
True
Is 3423556421 a prime number?
True
Is 3927406727 composite?
False
Is 37860149293 a composite number?
False
Is 8064403 composite?
True
Is 80405457331 a composite number?
False
Is 18469194841 a prime number?
False
Is 1449335113 prime?
True
Is 13969076881 a composite number?
True
Is 3529445471 a composite number?
False
Is 2935616074 prime?
False
Is 133417025591 a prime number?
False
Is 7086552851 composite?
True
Is 3743042203 pri